) + 4*k(y). What is g(1)?
-9
Suppose 78 = 3*t + 15. Let n be 27/t + 2/(-7). Let i(b) = -2*b + 0*b - 1 - 3*b. What is i(n)?
-6
Suppose 5*b - 13 = b + 5*u, -4*b = -u - 9. Let i(d) = -d**3 + 4*d**2 - 2*d - 2. Calculate i(b).
2
Let k = -31 + 33. Let w(b) be the second derivative of b**5/120 - b**3/2 + 3*b. Let n(t) be the second derivative of w(t). Give n(k).
2
Let p(o) = -o**3 - o - 1. Let i(u) = -u**3 - 4*u**2 - 3*u - 6. Let f(b) = -i(b) + 2*p(b). Suppose j = s + 8 - 1, 5*j - 2*s = 26. Calculate f(j).
8
Let z be -2 - -2 - (-2 + 0). Suppose 0 = -3*r - z*j + 4*j - 16, 0 = -2*r - 5*j - 17. Let d be r/15 - (-26)/(-10). Let k(y) = y**2 + y. Determine k(d).
6
Suppose 0*u - 2*u + 12 = 0. Suppose -3*t + 0 = u. Let p = t - -3. Let b(k) = -2*k - 1. What is b(p)?
-3
Let u(o) = -o**2 - 4*o - 2. Let f = -4 + 8. Suppose -5*q = 5*s - 15, f*s - 2*q + 0*q = 0. Let w be -5*(s + 0 + 0). What is u(w)?
-7
Let l(s) = s**2 - 2*s + 1. Suppose 35 = 5*h - 5*f, -5*h + 7*h + 2*f + 6 = 0. Determine l(h).
1
Let r(z) = 4*z + 9. Let i be r(-4). Let v(x) = 2*x + 5. What is v(i)?
-9
Let h(w) = -w**2 + 5*w - 3. Suppose 3*g + j + 0*j - 12 = 0, 5*j = 5*g. What is h(g)?
3
Let r(z) = -2*z - 3 + 5*z + 4. Suppose 5*c - 3*q + 42 = 0, 17 = 2*c - 5*q + 49. Let u be (-10)/c - 6/9. Give r(u).
4
Let n(s) be the second derivative of -s**5/10 + s**4/6 - s**3/3 + s**2/2 + 2*s. Let p = 3 + -3. Suppose p = 6*i - i - 5. What is n(i)?
-1
Let i(f) = -4*f + 1. Let u(s) = s. Let o be u(3). Let w = 0 + o. Suppose 5*c - 4*t + 5 = 0, 0*c - 3 = w*c + 4*t. What is i(c)?
5
Let y(f) = -f**2 - 7*f + 2. Suppose -c - 3*c = -4*q + 24, -4*c = 5*q + 33. Let n be y(c). Let v(g) = -g**n + 3*g - 1 - 3*g + 2*g. Calculate v(1).
0
Suppose -3 = 4*l - 15. Let d(q) = -4*q**2 - q**2 + l*q**2 + 7*q + q**2 - 1. Determine d(7).
-1
Suppose -5*i - 9 = 2*b - 17, -i = 4*b - 16. Let j(u) be the first derivative of 0*u - 1/3*u**3 + 2*u**2 + b. Give j(3).
3
Let m(z) = -z**3 + 6*z**2 - 5*z + 6. Suppose -2*a = -3*w - 0*w - 2, 2*a = -4*w + 2. Let o be (-25)/2 - a/(-2). Let l = -7 - o. Calculate m(l).
6
Suppose -a - 5*q = 22, -3*a - 14 = -a + 4*q. Let i(d) = 4*d - d + 4 - 4*d. Give i(a).
1
Let q(l) = 1. Let j(w) = 5*w + 5. Let i(g) = -j(g) + 6*q(g). What is i(1)?
-4
Suppose -5 = -f - 1. Suppose f*a + 5 = 25. Let n(j) = j**2 - 6*j + 7. Determine n(a).
2
Suppose -q + 15 = 2*q. Suppose -j = 2*z + q, 3*j = -2*j + 5. Let o(p) = p. Determine o(z).
-3
Let i(j) = -j**3 + 5*j**2 + 3*j - 4. Let w(s) = -s**3 - 12*s**2 - 21*s - 5. Let m be w(-10). What is i(m)?
11
Let t(q) = q**2 + 7*q - 11. Let b be t(-8). Let z(f) = 2*f**2 + 4*f - 1. What is z(b)?
5
Let z = 3 - 4. Let d = z - -3. Let f(b) = 6 + 3*b**2 - 7*b**2 - b**3 - 3*b - d. Determine f(-3).
4
Suppose 2*p = p + 3. Let f(a) = -3 + a**p - 4*a + 2*a + 2*a + 4*a**2. Determine f(-3).
6
Let k(l) = l**2 - l. Suppose -m + 3 = -2*p + 6, -2*p = -2*m. Calculate k(m).
6
Let q(b) = 3*b**3 + 5*b**2 + 3*b + 10. Let s(j) = -j**3 - j - 1. Let x(h) = -q(h) - 4*s(h). Let y = -31 + 61. Let i be (y/(-9))/((-4)/6). Calculate x(i).
-1
Let v be (1 - 2)/((-5)/(-10)). Let q(c) = c - 4. Let b(p) = 6*p - 20. Let r(k) = v*b(k) + 11*q(k). Calculate r(-2).
-2
Let t(g) = -2*g - 2*g + 3*g - 2. Let i(n) = -n**2 + 5*n. Let z be i(4). Calculate t(z).
-6
Let r be 1 - (19 + 0)/(-1). Suppose 2*u - 4*s = 20, -3*s - s = 5*u + r. Let v(q) = 3*q - 1. Let i(d) = d - 1. Let h(g) = -4*i(g) + v(g). Give h(u).
3
Let x(k) = -k. Let a(g) = g + 5. Let h be a(-8). Let j = h - 1. Determine x(j).
4
Let v(b) = -3*b + 4*b + 10 - 17. Suppose 0 = 3*o - 0*o - 9. What is v(o)?
-4
Let k(a) = -a**2 + 2*a + 1. Let j(d) = d - 1. Let s(m) = -2*j(m) + k(m). Let b(x) = -x**2 + x. Let t be b(0). Suppose -n + t*n - 3 = 0. Give s(n).
-6
Let d(o) = o + 1. Let k(b) = b + 2. Let g(l) = 4*d(l) - 2*k(l). Suppose 5*n + 4 = -4*h, -2*h + 3*h + n = 0. Let p = 2 - h. Calculate g(p).
-4
Let t(k) = k**2 - 5*k. Suppose 86 = 5*r + 2*z, 0*z + 28 = r + 4*z. Suppose 4 = -2*d + r. What is t(d)?
6
Let n(g) be the second derivative of -g**4/12 + g**3 + 3*g**2 - 14*g. Give n(6).
6
Let u be ((-2)/3)/((-12)/36). Let f(g) = 7*g**2 - 3*g**u - 3*g - g**2 - 2*g**2. Determine f(2).
-2
Let k(l) = l**3 - 17*l**2 - 2*l + 27. Let m be k(17). Let u(t) = t**2 + 6*t + 3. What is u(m)?
10
Let t be (-2)/(-7) + 44/(-7). Let c(l) = -l**2 + l - 1. Let y(z) = 7*z**2 - z + 4. Let i(f) = -6*c(f) - y(f). What is i(t)?
-4
Let l(h) = -h**3 + h**2 + h. Let d be l(1). Let j be (1 - -1) + -3 + d. Suppose j = -3*c - c. Let m(g) = -g**3 + g - 8. Determine m(c).
-8
Suppose 3*k + 5 = 2*h, h + 4*k + 2 = -1. Let x be -10 - (-2 - 0 - h). Let u(i) = -i**2 - 7*i - 1. Determine u(x).
-1
Let i(u) = u + 14. Let h be i(-12). Let l(o) = 5*o + o - 2 + 2 + o**h - 5. What is l(-6)?
-5
Let m(t) = 7*t**3 - 6*t**2 + 3*t - 2. Let c(u) = 3*u**3 - 3*u**2 + u - 1. Let s(n) = 5*c(n) - 2*m(n). Calculate s(2).
-7
Let r(j) = -3 + 2 + 3*j - 1. Let o be (10/(-15))/(2/(-6)). Give r(o).
4
Let w(l) = -5*l - 1. Suppose -2*h = -3*h - 7. Let i = h - -13. Suppose v = i*v - 5. Give w(v).
-6
Suppose -4*p + 2 = -5*p. Let f(g) be the third derivative of g**4/4 + g**3/6 + 4*g**2. Let w(k) = k. Let y(o) = -f(o) + 5*w(o). Give y(p).
1
Suppose -2*y - 5*c = 2*y - 25, -3*y = 4*c - 20. Suppose y = -3*k - 3*a + 3 + 9, a = 2*k - 5. Let b(h) = -h**3 + 0*h**3 - 1 - h + 2*h**k. Give b(-1).
-1
Let a(k) = 3*k - 6. Let m be 2*-1 - -4 - 7/1. Give a(m).
-21
Let c = 843 - 844. Let w(m) = -51*m + 6. Let i = 2 + -4. Let n(b) = -10*b + 1. Let y(a) = i*w(a) + 11*n(a). Determine y(c).
7
Let t(q) = q - 4. Let u be t(6). Let h(l) = l**2 + 0*l**2 - 1 + 2 - 2*l - l**3. Determine h(u).
-7
Let h = -8 - -3. Let u = h - -3. Let p(m) be the second derivative of m**4/6 + 2*m**3/3 + 3*m**2/2 + 2*m. Calculate p(u).
3
Let g(l) be the second derivative of -l**5/20 + 5*l**4/12 - l**3/2 + 5*l. Suppose 7*z = 5*z + 26. Suppose 4*y - 2*m = 14, 4*y + 2*m = 5*m + z. Determine g(y).
4
Let s(m) = 0 + 2*m - 1 - 4*m + 3*m. What is s(4)?
3
Let o(u) = -u**3 + 3*u**2 - 4*u + 3. Let v(t) = -t. Let j = -9 - -6. Let i be v(j). Calculate o(i).
-9
Let p(a) = a - 1. Let r(s) = -2*s + 12. Let v be r(3). Calculate p(v).
5
Let c(v) = -2*v - 2. Let h = -19 + 16. Calculate c(h).
4
Suppose 20 = -2*b - 3*b, b = -4*z + 4. Suppose 6*o - 2*o - 11 = f, -5*f = z*o - 11. Let d(q) = -2*q**3 - q. Give d(f).
-3
Let n(q) = -q + 2. Let o be n(6). Suppose 3*v = 3*b - 12 + 3, 2*b - 5*v = -3. Let z(x) = -x**2 - 9*x + 1. Let t(y) = y. Let a(m) = b*t(m) + z(m). What is a(o)?
-3
Let s(l) = 2*l**2 + 12*l - 10. Let g be s(-7). Let a(k) = 2*k + 1. Calculate a(g).
9
Let t(u) = u + 7. Suppose 0 = 5*g - 3*d - d + 47, 2*g + d + 11 = 0. What is t(g)?
0
Let f(r) = 2*r + r - r - 2. Suppose 0 = -4*n - 2*z + 2, n - 2*z = 6*n - 4. What is f(n)?
2
Let p(h) = 8*h - 1. Suppose 3*f = -2*f - t + 30, 4*f + 4*t - 40 = 0. Let m = 6 - f. What is p(m)?
7
Let c(j) = j**2 + 4*j - 4. Let r be c(-5). Let d = 0 + r. Let t(y) = 1 - 6 + 4 - 2*y - y. Give t(d).
-4
Let m(u) be the first derivative of -2*u**2 - 1/3*u**3 + 0*u + 2. Determine m(-4).
0
Suppose s = 4*s - u + 12, 0 = -s - 4*u - 17. Let h(w) = -w + 2. Calculate h(s).
7
Suppose 2*y = -2*q + 4*y + 4, q + 5*y - 8 = 0. Let v(p) be the second derivative of p**5/20 - p**4/6 - 5*p**3/6 + p**2 + 140*p. Calculate v(q).
-4
Suppose 0 = -6*r + r - 5. Let h(c) be the first derivative of 1/2*c**2 + 1/3*c**3 - 1 + c - c**4. Calculate h(r).
5
Let b(m) = 14 + m - 45 + 18 - 2*m. What is b(-14)?
1
Let l(q) = -q**3 + 5*q**2 - 2*q - 4. Let p be l(3). Let j = p - 13. Let t(u) be the second derivative of u**4/12 + 5*u**3/6 + u. Calculate t(j).
0
Let v(d) be the first derivative of 1 + 5/3*d**3 - d + 0*d**2. Determine v(1).
4
Let t(k) be the second derivative of k**4/6 + k**2/2 - 13*k. Calculate t(-3).
19
Suppose -5*r - 49 = -4*j, 0*r = -5*j - r + 25. Let u be 2*(1 - 9/j). Let f(c) = -2*c**2 - 1. Determine f(u).
-3
Suppose -3*f - f = -4. Suppose -2*m = 2*m - 4*q - 4, 5*m - 4*q - 6 = 0. Let k(r) = -r**2 - m*r - r**3 + r + 3*r**2. Determine k(f).
0
Suppose 0 = 4*y + 3*n - 27, -4*n - n = -25. Let l(r) = 3*r + 0 - 6 - y*r - r. Determine l(0).
-6
Let t(d) = -2*d + 1. Suppose n + 2 = 4*k, -3*k - n + 4*n = 3. Suppose 0 = -z + k + 1. What is t(z)?
-3
Let y(u) = 2*u**2 + 4 - 4 + 2*u + 3 - 2. Calculate y(-1).
1
Let w(o) = -2*o - 3